ve v(-5).
24
Let n(f) = -13*f + 190. What is n(14)?
8
Let q(b) = -29*b - 1057. Determine q(-35).
-42
Let a(b) = b**2 + 28*b + 234. Give a(-17).
47
Let b(w) = 4*w**3 + 3*w + 56. Determine b(0).
56
Let s(w) = -w**3 + 10*w**2 + 26*w - 1. What is s(-2)?
-5
Let h(x) = 5468*x + 21896. Calculate h(-4).
24
Let m(k) = 85*k + 5011. Give m(-59).
-4
Let y(v) = 32*v - 128. Determine y(3).
-32
Let x(t) = -t**3 - 6*t**2 + 319*t + 69. Give x(-21).
-15
Let g(j) = j**2 + 3503*j + 135087. Determine g(-39).
-9
Let v(o) = -2*o - 104. What is v(-3)?
-98
Let n(c) = -26*c - 162. What is n(-11)?
124
Let l(b) = 6*b**3 + 3*b**2 - 3*b + 3. Give l(2).
57
Let r(s) = -s**3 + 31*s**2 + 32*s - 10. Calculate r(32).
-10
Let u(j) = 313*j - 949. Determine u(3).
-10
Let o(u) = 4744*u - 14208. Determine o(3).
24
Let x(g) = 20*g + 613. Calculate x(-27).
73
Let i(k) = -k**3 + 16*k**2 - 73*k - 14. What is i(8)?
-86
Let y(p) = -p**2 + 96*p + 1571. Determine y(-15).
-94
Let j(c) = -15*c**2 + 145*c - 108. Give j(9).
-18
Let x(a) = -3*a**2 - 19*a + 1046. Determine x(-22).
12
Let z(i) = -9*i**2 + 330*i + 118. Give z(38).
-338
Let g(z) = 10*z - 332. Calculate g(32).
-12
Let t(c) = 1406*c + 8466. Give t(-6).
30
Let u(q) = -q**3 - 3*q**2 + 54*q - 87. What is u(5)?
-17
Let j(f) = 2*f**2 - 17*f - 1005. Give j(-26).
789
Let n(h) = 4*h + 6. Determine n(-4).
-10
Let r(q) = 3*q**3 - 8*q**2 + 7*q + 6. Calculate r(3).
36
Let a(u) = 35*u - 70. Determine a(3).
35
Let z(s) = s**3 - 17*s**2 + 30*s + 51. Determine z(11).
-345
Let r(n) = -n**3 + 6*n**2 + 2*n - 5. What is r(-1)?
0
Let p(u) = -2581*u - 38725. Give p(-15).
-10
Let w(i) = -7*i**3 + 70*i**2 - 24. What is w(10)?
-24
Let g(r) = 2*r**2 - 77*r + 664. What is g(13)?
1
Let c(j) = 2*j**3 - 58*j**2 + 57*j - 7. Calculate c(28).
21
Let a(q) = 29*q - 315. Calculate a(11).
4
Let o(x) = 2*x - 110. Calculate o(42).
-26
Let v(z) = z**2 - 18*z - 826. Determine v(-21).
-7
Let m(i) = -117*i - 1652. Determine m(-11).
-365
Let l(r) = r**3 + r**2 - 9*r - 17. Determine l(0).
-17
Let x(p) = -4*p**3 + 80*p**2 - 45*p + 911. Determine x(20).
11
Let c(b) = -b**2 - 15*b + 4230. Determine c(58).
-4
Let d(s) = -5*s**3 - 12*s**2 + 163*s + 21. Give d(-7).
7
Let w(b) = -b**2 - 83*b - 1732. What is w(-45)?
-22
Let x(j) = 3*j**2 + 135*j - 899. Calculate x(6).
19
Let d(q) = q**2 - 16*q + 117. Determine d(11).
62
Let f(k) = -10*k**3 + 53*k**2 - 15*k + 5. What is f(5)?
5
Let i(r) = 11*r + 458. Calculate i(-20).
238
Let j(q) = -q**3 + 17*q**2 - 93*q + 17. Calculate j(9).
-172
Let u(m) = m**2 + 67*m + 66. Determine u(-66).
0
Let n(t) = -t**3 + 13*t**2 + 20*t - 2. What is n(15)?
-152
Let r(z) = -49*z + 2984. What is r(61)?
-5
Let d(x) = -2*x**3 - 33*x**2 - 24*x + 103. Determine d(-15).
-212
Let f(q) = -q**3 - 18*q**2 - 14*q + 6. Give f(-18).
258
Let x(w) = -w**3 + 24*w**2 - 122*w - 1. What is x(6)?
-85
Let i(d) = 8*d**2 + 364*d - 202. Give i(-46).
-18
Let v(w) = -w**3 - 15*w**2 - 19*w + 65. Give v(-13).
-26
Let n(c) = 2*c**3 - 3*c**2 - 44*c - 25. What is n(-5)?
-130
Let a(u) = -1067*u + 16019. Give a(15).
14
Let n(s) = 39*s**2 - 2337*s - 165. Determine n(60).
15
Let a(r) = -4235*r - 25532. Give a(-6).
-122
Let y(g) = g**3 + 23*g**2 - 3*g + 173. Determine y(-23).
242
Let b(d) = -d**3 - 48*d**2 - 551*d + 4. Calculate b(-19).
4
Let h(q) = 789*q - 783. Determine h(1).
6
Let f(h) = 8*h - 34. Give f(6).
14
Let m(q) = 2*q**2 - 71*q + 44. Calculate m(35).
9
Let w(i) = -3*i. Determine w(-8).
24
Let f(y) = 124*y + 4. What is f(0)?
4
Let r(y) = y**3 - 36*y**2 - 45*y + 79. What is r(37)?
-217
Let y(o) = -o**3 + 18*o**2 + 33*o + 132. Calculate y(20).
-8
Let c(p) = p**2 - 213*p - 862. Calculate c(-4).
6
Let o(y) = 953*y - 7613. Determine o(8).
11
Let a(t) = -12335*t + 12360. Determine a(1).
25
Let h(m) = -11*m**2 + 2*m + 11. What is h(6)?
-373
Let p(m) = m**2 + 54*m + 188. What is p(-50)?
-12
Let n(c) = -c**3 + 57*c**2 + 182*c - 129. Determine n(60).
-9
Let k(a) = a**2 + 47*a + 388. What is k(-11)?
-8
Let t(z) = -z**3 - 16*z**2 - 23*z - 123. Determine t(-15).
-3
Let s(w) = 30*w**2 - 9*w + 8. What is s(3)?
251
Let t(j) = 20*j**3 + 3*j**2 - 255*j + 251. Give t(1).
19
Let o(c) = -2*c**3 - 10*c**2 - 19*c - 53. What is o(-3)?
-32
Let l(p) = p**3 - 2*p**2 - 64*p + 202. What is l(7)?
-1
Let f(q) = q**2 + 376*q + 3741. Give f(-10).
81
Let s(d) = 809*d - 25089. Determine s(31).
-10
Let l(s) = 7*s - 75. What is l(2)?
-61
Let g(m) = m**3 + 30*m**2 + 92*m + 956. Determine g(-28).
-52
Let f(q) = -585*q + 1767. Determine f(3).
12
Let d(p) = p**2 + 140*p + 2194. Calculate d(-18).
-2
Let v(l) = -3*l**3 + 63*l**2 - 314*l + 14. Calculate v(8).
-2
Let n(q) = 34*q**2 + 38*q + 11. What is n(-2)?
71
Let g(d) = -1724*d + 5. Calculate g(0).
5
Let n(j) = -j**2 + 7320*j - 21951. Give n(3).
0
Let f(w) = -w**2 + 52*w - 598. What is f(35)?
-3
Let b(t) = -t**2 - 8*t + 143. What is b(9)?
-10
Let q(c) = c**2 - 21*c - 73. Calculate q(23).
-27
Let z(o) = 3*o**3 + 74*o**2 + 54*o + 138. Calculate z(-24).
-6
Let v(q) = 1079*q + 3228. What is v(-3)?
-9
Let p(x) = 4*x**3 - 81*x**2 + 12*x - 25. What is p(20)?
-185
Let l(n) = -n**2 + 31*n - 99. Calculate l(25).
51
Let q(i) = -i**2 + 99*i - 2370. Determine q(43).
38
Let z(j) = -j**2 - 3*j + 2. Determine z(-13).
-128
Let d(h) = 28*h + 287. What is d(-12)?
-49
Let u(t) = 189*t**2 + 956*t + 59. What is u(-5)?
4
Let t(r) = 8099*r + 64796. Give t(-8).
4
Let r(d) = -77*d - 2064. Calculate r(-27).
15
Let u(j) = j**3 + 5*j**2 - 374*j - 1840. What is u(-5)?
30
Let h(a) = 2*a**3 - 299*a**2 + 245*a - 14287. Calculate h(149).
17
Let u(m) = 3*m**3 + 57*m**2 + 53*m - 43. Calculate u(-18).
-25
Let p(m) = 111*m + 571. Calculate p(-6).
-95
Let s(q) = q**3 - 56*q**2 - q + 52. What is s(56)?
-4
Let v(d) = d**3 - 17*d**2 + 27*d - 177. Determine v(14).
-387
Let j(n) = 60*n + 1173. What is j(-20)?
-27
Let j(q) = -q**2 + 241*q - 6134. Give j(29).
14
Let x(l) = 9*l**2 + 5*l - 80. What is x(5)?
170
Let m(a) = a**2 + 69*a + 695. Determine m(-13).
-33
Let c(s) = 3*s**3 - 10*s**2 - 14*s - 4. Calculate c(6).
200
Let g(q) = -3*q - 399. Determine g(-29).
-312
Let s(v) = v**3 + 15*v**2 + 47*v - 8. Determine s(-7).
55
Let o(x) = 3*x**2 + 46*x + 137. Give o(-15).
122
Let x(k) = -857*k**3 - 9*k**2 - 20*k - 11. Calculate x(-1).
857
Let l(o) = 96*o**3 + 2*o**2 - 3*o + 2. What is l(1)?
97
Let c(y) = 246*y - 47. Calculate c(-2).
-539
Let z(l) = -503*l - 2520. What is z(-5)?
-5
Let r(d) = d**2 - 28*d + 304. Determine r(12).
112
Let q(j) = 6*j**2 - 151*j + 159. Give q(24).
-9
Let m(j) = -2*j**3 - 24*j**2 - 70*j - 322. Give m(-10).
-22
Let z(p) = -94*p**2 - 1. Determine z(1).
-95
Let g(h) = 4*h**3 - 331*h**2 - 83*h + 4. Determine g(83).
4
Let x(j) = -2365*j - 4740. What is x(-2)?
-10
Let l(t) = 3067*t - 27595. Give l(9).
8
Let s(q) = -328*q + 3622. Give s(11).
14
Let s(v) = -6*v - 95. Give s(-23).
43
Let m(l) = -820*l + 9089. Calculate m(11).
69
Let m(n) = n**3 + 21*n**2 + 10*n - 203. Give m(-20).
-3
Let r(m) = m - 104. What is r(2)?
-102
Let j(n) = -11*n**2 + 5*n + 3. Calculate j(3).
-81
Let d(w) = 2*w**2 + 31*w - 43. Calculate d(-19).
90
Let n(o) = -73*o + 2168. Give n(29).
51
Let w(v) = 25*v + 1013. Calculate w(-49).
-212
Let o(v) = 9*v**2 + 257*v + 246. What is o(-27)?
-132
Let f(b) = 73*b**2 + 20*b + 11. Calculate f(1).
104
Let c(s) = 181*s - 2021. Calculate c(13).
332
Let w(h) = -14*h - 303. Calculate w(-30).
117
Let q(x) = -3*x**2 + 237*x - 1722. Determine q(8).
-18
Let f(x) = -x**2 + 44*x + 94. Determine f(-2).
2
Let f(x) = -x**3 + 7*x**2 + 3*x - 14. What is f(-5)?
271
Let w(c) = 5*c**2 - 146*c - 104. Calculate w(29).
-133
Let r(x) = 6*x - 190. Give r(-20).
-310
Let z(y) = 152*y - 150. What is z(1)?
2
Let w(k) = -40*k - 102. Calculate w(-2).
-22
Let l(b) = b**3 + 21*b**2 + 15*b - 50. What is l(-17)?
851
Let d(g) = g**2 + 15*g - 126. What is d(7)?
28
Let u(i) = -131*i + 3413. Give u(26).
7
Let y(t) = -317*t - 6340. Calculate y(-20).
0
Let f(o) = -391*o - 389. Give f(-1).
2
Let y(m) = -m**3 - 116*m**2 + 2262*m - 28. Calculate y(17).
-11
Let n(g) = -3*g - 341. Calculate n(-48).
-197
Let g(o) = -o**2 + 47*o + 2633. Give g(-33).
-7
Let o(l) = -216*l**2 + 11*l - 8. Give o(1).
-213
Let r(w) = 2*w**2 - 85*w - 928. What is r(-9)?
-1
Let r(m) = -m**3 + 123*m**2 + 228*m + 2758. Calculate r(125).
8
Let k(z) = -8*z**3 + 240*z**2 -